st common factor of 2322323 and 201863?
599
Calculate the highest common divisor of 85149351 and 1098.
549
Calculate the highest common divisor of 94134 and 675816.
174
Calculate the greatest common divisor of 1425494 and 76038.
874
What is the greatest common factor of 6070 and 255?
5
What is the highest common divisor of 275 and 14645620?
55
Calculate the highest common divisor of 153 and 37301604.
51
Calculate the greatest common divisor of 387306 and 7242.
6
Calculate the highest common divisor of 214 and 31302743.
107
What is the greatest common divisor of 2628 and 122751?
9
What is the greatest common divisor of 13 and 30058899?
13
What is the greatest common factor of 725 and 16059620?
145
What is the highest common factor of 22693 and 869?
11
What is the greatest common factor of 3422573465 and 1531?
1531
Calculate the highest common divisor of 767 and 3648463.
13
What is the greatest common divisor of 1416 and 68661132?
708
Calculate the greatest common factor of 60420138 and 2.
2
Calculate the highest common divisor of 80 and 6785960.
40
Calculate the greatest common divisor of 517592 and 59363.
667
Calculate the greatest common divisor of 209 and 1830441.
19
What is the highest common divisor of 6146868 and 4563?
507
What is the greatest common divisor of 77 and 2339043?
7
What is the greatest common factor of 5491 and 11892061?
289
What is the highest common factor of 423976 and 3650696?
3752
Calculate the greatest common factor of 905 and 98528255.
905
What is the highest common divisor of 203193058 and 1910?
382
What is the greatest common factor of 42672 and 503840496?
6096
What is the greatest common divisor of 31607127 and 1539?
171
What is the greatest common divisor of 26649904 and 32?
16
Calculate the greatest common divisor of 97832 and 4746599.
1747
Calculate the greatest common divisor of 2181 and 4258039.
727
Calculate the greatest common factor of 24218580 and 690.
30
What is the greatest common factor of 2 and 61812660?
2
What is the greatest common factor of 3995908 and 189?
7
Calculate the greatest common factor of 82400007 and 69.
69
What is the highest common divisor of 1837 and 151723?
11
Calculate the greatest common divisor of 1717210 and 6990.
2330
What is the greatest common divisor of 60 and 7499484?
12
What is the greatest common factor of 182 and 14130571?
91
What is the highest common factor of 199936 and 83567?
781
What is the highest common divisor of 3211 and 1912027?
247
What is the highest common divisor of 3564433 and 6157?
47
Calculate the highest common divisor of 166768914 and 72.
6
What is the highest common divisor of 691 and 191?
1
What is the greatest common divisor of 14 and 17204719?
7
What is the highest common divisor of 32885216 and 34776?
1288
Calculate the greatest common divisor of 354 and 11302866.
354
Calculate the highest common divisor of 97196108 and 20.
4
Calculate the greatest common factor of 44517 and 2126592.
213
What is the highest common factor of 61767 and 8583?
3
What is the highest common divisor of 104240 and 112760?
40
Calculate the greatest common factor of 2232387 and 40851.
2403
What is the highest common divisor of 233573 and 89211?
131
What is the highest common divisor of 1045476 and 6425?
257
What is the greatest common divisor of 4496 and 933704552?
2248
What is the highest common factor of 16767 and 1069339?
23
Calculate the highest common divisor of 4128 and 76282.
86
What is the highest common divisor of 9754 and 4518?
2
What is the highest common factor of 20576024 and 490?
14
What is the highest common factor of 12761014 and 10156?
5078
What is the greatest common factor of 58973340 and 6265?
895
Calculate the greatest common divisor of 344 and 5984267.
43
What is the greatest common factor of 43104582 and 14310?
2862
What is the highest common divisor of 156112 and 7216?
176
Calculate the greatest common divisor of 19359 and 564921.
27
What is the greatest common factor of 503028 and 34177644?
5652
Calculate the highest common factor of 605703870 and 45.
45
What is the greatest common divisor of 38600016 and 199472?
1456
Calculate the highest common divisor of 9715864 and 8.
8
What is the greatest common divisor of 87604648 and 38196?
4244
What is the greatest common factor of 47698347 and 27591?
1623
Calculate the highest common factor of 738720 and 1216.
608
What is the greatest common divisor of 93 and 767440712?
31
Calculate the highest common factor of 65351 and 10609712.
457
Calculate the highest common divisor of 2352 and 34100864.
784
What is the highest common divisor of 12832309 and 49?
7
Calculate the greatest common factor of 1047852 and 42541.
2239
What is the greatest common divisor of 84690 and 240?
30
Calculate the highest common factor of 409978 and 29438.
718
Calculate the highest common divisor of 1962432 and 12708.
36
What is the greatest common divisor of 441606704 and 1232?
1232
Calculate the highest common factor of 2978063 and 6952.
869
Calculate the highest common factor of 6160 and 125691440.
560
Calculate the greatest common factor of 424 and 18199882.
106
Calculate the greatest common divisor of 679 and 4117359.
97
What is the greatest common factor of 120 and 15266920?
40
What is the greatest common divisor of 4764 and 1199846748?
4764
What is the greatest common factor of 1990674 and 598410?
1098
Calculate the greatest common factor of 360546706 and 7864.
1966
Calculate the greatest common factor of 98341767 and 1449.
207
Calculate the greatest common factor of 2885 and 61672645.
2885
What is the highest common divisor of 3458 and 314887?
19
What is the greatest common factor of 689 and 20413639?
53
What is the highest common divisor of 236162 and 2602?
2
What is the greatest common divisor of 860453 and 12416481?
4807
What is the greatest common divisor of 1960 and 66535?
35
What is the greatest common divisor of 14316 and 2428948?
4772
What is the highest common divisor of 1565778 and 1547196?
978
Calculate the greatest common divisor of 670 and 8606954.
134
What is the highest common divisor of 2334896 and 336?
16
What is the highest common factor of 13716 and 235636308?
4572
Calculate the highest common factor of 9824 and 305152.
32
What is the greatest common divisor of 578 and 33336439?
289
Calculate the highest common factor of 4305 and 19179615.
105
Calculate the greatest common factor of 20964 and 1321596.
12
Calculate the greatest common factor of 494 and 55651817.
247
What is the greatest common factor of 108 and 3450087?
27
Calculate the highest common factor of 44400 and 3047024.
592
Calculate the greatest common divisor of 21971 and 1404112.
127
Calculate the highest common factor of 100890 and 417870.
90
What is the greatest common divisor of 130 and 238140890?
130
What is the greatest common factor of 135 and 8520705?
45
Calculate the highest common factor of 38 and 1165269962.
38
What is the highest common divisor of 187 and 3584059?
17
Calculate the greatest common divisor of 8746874 and 3774.
1258
What is the greatest common divisor of 760 and 28544650?
190
What is the highest common divisor of 43882 and 65230?
1186
Calculate the highest common factor of 9305504 and 156.
52
What is the highest common divisor of 30410833 and 94?
47
What is the highest common divisor of 21103 and 2153?
1
What is the greatest common factor of 380 and 128830?
10
Calculate the greatest common divisor of 70945875 and 39.
39
What is the greatest common factor of 385 and 135229402?
77
Calculate the greatest common divisor of 437 and 654558702.
437
What is the highest common divisor of 79134795 and 2403?
801
What is the highest common factor of 274593206 and 30837?
10279
What is the highest common factor of 6504564 and 192?
12
What is the highest common divisor of 3031865 and 530?
265
What is the greatest common factor of 654 and 111994448?
218
Calculate the highest common factor of 1800 and 11001800.
200
Calculate the highest common factor of 155127 and 1332597.
1869
What is the greatest common divisor of 7 and 18238808?
7
What is the highest common divisor of 1098042 and 59343?
393
Calculate the highest common factor of 128854 and 83138.
22
Calculate the greatest common divisor of 22904 and 541456286.
5726
Calculate the grea